{"id":3678,"date":"2019-11-15T15:52:57","date_gmt":"2019-11-15T15:52:57","guid":{"rendered":"https:\/\/solene.qodeinteractive.com\/?page_id=17"},"modified":"2025-07-15T16:14:13","modified_gmt":"2025-07-15T16:14:13","slug":"home","status":"publish","type":"page","link":"http:\/\/167.235.1.82\/~eventbye\/","title":{"rendered":"Forside"},"content":{"rendered":"<div class=\"wpb-content-wrapper\">\t\t<div data-elementor-type=\"wp-page\" data-elementor-id=\"3678\" class=\"elementor elementor-3678\" data-elementor-post-type=\"page\">\n\t\t\t\t<div class=\"elementor-element elementor-element-1768cae4 e-flex e-con-boxed e-con e-parent\" data-id=\"1768cae4\" data-element_type=\"container\" data-e-type=\"container\">\n\t\t\t\t\t<div class=\"e-con-inner\">\n\t\t\t\t<div class=\"elementor-element elementor-element-292a6e78 elementor-widget elementor-widget-text-editor\" data-id=\"292a6e78\" data-element_type=\"widget\" data-e-type=\"widget\" data-widget_type=\"text-editor.default\">\n\t\t\t\t<div class=\"elementor-widget-container\">\n\t\t\t\t\t\t\t\t\t<p>[vc_row][vc_column]\n\t\t\t\t<p class=\"rs-p-wp-fix\"><\/p>\n\t\t\t\t<sr7-module data-alias=\"main-home-1\" data-id=\"9\" id=\"SR7_9_1\" class=\"rs-ov-hidden\" data-version=\"6.7.12\">\n\t\t\t\t\t<sr7-adjuster><\/sr7-adjuster>\n\t\t\t\t\t<sr7-content>\n\t\t\t\t\t\t<sr7-slide id=\"SR7_9_1-27\" data-key=\"27\">\n\t\t\t\t\t\t\t<sr7-bg id=\"SR7_9_1-27-16\" class=\"sr7-layer\"><noscript><img decoding=\"async\" src=\"http:\/\/167.235.1.82\/~eventbye\/wp-content\/uploads\/2025\/01\/3-3.png\" alt=\"\" title=\"3\"><\/noscript><\/sr7-bg>\n\t\t\t\t\t\t\t<sr7-txt id=\"SR7_9_1-27-15\" class=\"sr7-layer\">Eventbyen<\/sr7-txt>\n\t\t\t\t\t\t<\/sr7-slide>\n\t\t\t\t\t\t<sr7-slide id=\"SR7_9_1-30\" data-key=\"30\">\n\t\t\t\t\t\t\t<sr7-txt id=\"SR7_9_1-30-19\" class=\"sr7-layer\">[vc_widget_sidebar sidebar_id=&#8221;main-home-social-icons&#8221;]<\/sr7-txt>\n\t\t\t\t\t\t<\/sr7-slide>\n\t\t\t\t\t<\/sr7-content>\n\t\t\t\t\t<image_lists style=\"display:none\">\n\t\t\t\t\t\t<img data-src=\"\/\/solene.qodeinteractive.com\/wp-content\/uploads\/2019\/11\/h1-slider-img-1.jpg\" width=\"0\" height=\"0\" data-dbsrc=\"Ly9zb2xlbmUucW9kZWludGVyYWN0aXZlLmNvbS93cC1jb250ZW50L3VwbG9hZHMvMjAxOS8xMS9oMS1zbGlkZXItaW1nLTEuanBn\"\/>\n\t\t\t\t\t\t<img data-src=\"\/\/167.235.1.82\/~eventbye\/wp-content\/uploads\/2025\/01\/3-3.png\" data-libid=\"4766\" data-lib=\"medialibrary\" title=\"3\" width=\"0\" height=\"0\" data-dbsrc=\"Ly8xNjcuMjM1LjEuODIvfmV2ZW50YnllL3dwLWNvbnRlbnQvdXBsb2Fkcy8yMDI1LzAxLzMtMy5wbmc=\"\/>\n\t\t\t\t\t\t<img data-src=\"\/\/167.235.1.82\/~eventbye\/wp-content\/uploads\/2019\/11\/h1-rev-slider-custom-icon-1.png\" width=\"0\" height=\"0\" data-dbsrc=\"Ly8xNjcuMjM1LjEuODIvfmV2ZW50YnllL3dwLWNvbnRlbnQvdXBsb2Fkcy8yMDE5LzExL2gxLXJldi1zbGlkZXItY3VzdG9tLWljb24tMS5wbmc=\"\/>\n\t\t\t\t\t\t<img loading=\"lazy\" data-src=\"\/\/167.235.1.82\/~eventbye\/wp-content\/uploads\/2019\/11\/h1-rev-slider-custom-icon-2.png\" width=\"0\" height=\"0\" data-dbsrc=\"Ly8xNjcuMjM1LjEuODIvfmV2ZW50YnllL3dwLWNvbnRlbnQvdXBsb2Fkcy8yMDE5LzExL2gxLXJldi1zbGlkZXItY3VzdG9tLWljb24tMi5wbmc=\"\/>\n\t\t\t\t\t\t<img loading=\"lazy\" data-src=\"\/\/167.235.1.82\/~eventbye\/wp-content\/uploads\/2019\/11\/h1-rev-slider-custom-icon-3.png\" width=\"0\" height=\"0\" data-dbsrc=\"Ly8xNjcuMjM1LjEuODIvfmV2ZW50YnllL3dwLWNvbnRlbnQvdXBsb2Fkcy8yMDE5LzExL2gxLXJldi1zbGlkZXItY3VzdG9tLWljb24tMy5wbmc=\"\/>\n\t\t\t\t\t<\/image_lists>\n\t\t\t\t<\/sr7-module>\n\t\t\t\t<script>\n\t\t\t\t\tSR7.PMH ??={}; SR7.PMH[\"SR7_9_1\"] = {cn:0,state:false,fn: function() { if (_tpt!==undefined && _tpt.prepareModuleHeight !== undefined) {  _tpt.prepareModuleHeight({id:\"SR7_9_1\",el:[900,900,768,960,720],type:'standard',shdw:'0',gh:[900,900,768,960,720],gw:[1300,1300,1100,778,777],vpt:['80%&#039;,&#039;80%&#039;,&#039;80%&#039;,&#039;80%&#039;,&#039;80%'],size:{fullWidth:true, fullHeight:true},fho:',',mh:'0',onh:0,onw:0,bg:{color:'{\"orig\":\"transparent\",\"type\":\"solid\",\"string\":\"transparent\"}',image:{src:'https:\/\/solene.qodeinteractive.com\/wp-content\/uploads\/2019\/11\/h1-slider-img-1.jpg',size:'',position:'center center',repeat:''}}});   SR7.PMH[\"SR7_9_1\"].state=true;} else if((SR7.PMH[\"SR7_9_1\"].cn++)<100)\tsetTimeout( SR7.PMH[\"SR7_9_1\"].fn,19);}};SR7.PMH[\"SR7_9_1\" ].fn();\n\t\t\t\t<\/script>\n[\/vc_column][\/vc_row][vc_row row_content_width=\"grid\" css=\".vc_custom_1579780501344{padding-top: 112px !important;}\" simple_background_color=\"#f4f0ed\"][vc_column]<div class=\"eltdf-elements-holder   eltdf-one-column  eltdf-responsive-mode-768 \" ><div class=\"eltdf-eh-item    \"  data-item-class=\"eltdf-eh-custom-6338\" data-1025-1399=\"0 43% 56% 0\" data-769-1024=\"0 51% 54.5% 0\" data-681-768=\"0px 38% 55% 0\" data-680=\"0px 0% 55% 0\">\n\t<div class=\"eltdf-eh-item-inner\">\n\t\t<div class=\"eltdf-eh-item-content eltdf-eh-custom-6338\" style=\"padding: 0 49% 54.5% 0\">\n\t\t\t[vc_column_text css=\"\"]<br \/>[vc_column_text css=\"\"]<\/p><h1>Hvad vi tilbyder -<\/h1><p>[\/vc_column_text][vc_empty_space height=\"14px\"]<div class=\"eltdf-section-title-holder  \" style=\"padding: 0 20% 0 0\">\n\t<div class=\"eltdf-st-inner\">\n\t\t\t\t\t\t\t\t\t<h3  class=\"eltdf-st-subtitle\" style=\"line-height: 32px;text-transform: none;font-style: italic;color: #000000\">\n\t\t\t\t<span>\n\t\t\t\t\tVi tilbyder en lang r\u00e6kke forskellige arrengementer til hver en begivenhed - Tag et n\u00e6rmere kig.\t\t\t\t\t\t\t\t\t<\/span>\n\t\t\t<\/h3 >\n\t\t\t\t\t\t\t<\/div>\n<\/div>\t\t<\/div>\n\t<\/div>\n<\/div><\/div>[\/vc_column][\/vc_row][vc_row row_content_width=\"grid\"][vc_column css=\".vc_custom_1579532734729{margin-top: -66% !important; }\"]<br \/><div class=\"eltdf-elements-holder   eltdf-one-column  eltdf-responsive-mode-768 \" ><div class=\"eltdf-eh-item    \"  data-item-class=\"eltdf-eh-custom-2303\" data-1400-1600=\"35px 0 0 0\" data-1025-1399=\"0 0 0 0\" data-769-1024=\"27px 0 0 0\" data-681-768=\"0px 0 0 0\" data-680=\"167px 0 47px 0\">\n\t<div class=\"eltdf-eh-item-inner\">\n\t\t<div class=\"eltdf-eh-item-content eltdf-eh-custom-2303\" style=\"padding: 35px 0 0 0\">\n\t\t\t<div class=\"eltdf-portfolio-list-holder eltdf-grid-list eltdf-grid-masonry-list eltdf-pl-masonry eltdf-two-columns eltdf-no-space eltdf-disable-bottom-space eltdf-pl-standard eltdf-pip-disabled    eltdf-pl-pag-no-pagination  eltdf-pl-has-animation    \"  data-type=masonry data-number-of-columns=two data-space-between-items=no data-number-of-items=-1 data-image-proportions=full data-enable-fixed-proportions=no data-enable-padding=yes data-disable-padding-on-mobile=yes data-enable-image-shadow=no data-category=eventbyen data-orderby=date data-order=ASC data-item-style=standard data-enable-title=yes data-title-tag=h3 data-enable-category=yes data-enable-count-images=yes data-enable-excerpt=no data-excerpt-length=20 data-pagination-type=no-pagination data-filter=no data-filter-order-by=name data-enable-article-animation=yes data-portfolio-slider-on=no data-enable-loop=yes data-enable-autoplay=yes data-slider-speed=5000 data-slider-speed-animation=600 data-enable-navigation=yes data-enable-pagination=yes data-main-title-tag=h3 data-target=_self data-max-num-pages=0 data-next-page=2>\n\t\t<div class=\"eltdf-pl-inner eltdf-outer-space eltdf-masonry-list-wrapper clearfix\">\n\t\t<div class=\"eltdf-masonry-grid-sizer\"><\/div>\n\t\t<div class=\"eltdf-masonry-grid-gutter\"><\/div>\n\t\t<article class=\"eltdf-pl-item eltdf-item-space  post-353 portfolio-item type-portfolio-item status-publish has-post-thumbnail hentry portfolio-category-eventbyen portfolio-tag-photo\" style=\"padding:190px 7% 0 0\">\n\t<div class=\"eltdf-pl-item-inner\">\n\t\t<div class=\"eltdf-pli-image\">\n\t<img loading=\"lazy\" decoding=\"async\" width=\"1024\" height=\"1024\" src=\"http:\/\/167.235.1.82\/~eventbye\/wp-content\/uploads\/2025\/06\/ChatGPT-Image-Jun-27-2025-10_28_57-AM.png\" class=\"attachment-full size-full wp-post-image\" alt=\"\" srcset=\"http:\/\/167.235.1.82\/~eventbye\/wp-content\/uploads\/2025\/06\/ChatGPT-Image-Jun-27-2025-10_28_57-AM.png 1024w, http:\/\/167.235.1.82\/~eventbye\/wp-content\/uploads\/2025\/06\/ChatGPT-Image-Jun-27-2025-10_28_57-AM-300x300.png 300w, http:\/\/167.235.1.82\/~eventbye\/wp-content\/uploads\/2025\/06\/ChatGPT-Image-Jun-27-2025-10_28_57-AM-150x150.png 150w, http:\/\/167.235.1.82\/~eventbye\/wp-content\/uploads\/2025\/06\/ChatGPT-Image-Jun-27-2025-10_28_57-AM-768x768.png 768w, http:\/\/167.235.1.82\/~eventbye\/wp-content\/uploads\/2025\/06\/ChatGPT-Image-Jun-27-2025-10_28_57-AM-650x650.png 650w\" sizes=\"(max-width: 1024px) 100vw, 1024px\" \/><\/div>\n<div class=\"eltdf-pli-text-holder\" >\n\t<div class=\"eltdf-pli-text-wrapper\">\n\t\t<div class=\"eltdf-pli-text\">\n\t\t\t\t\t<div class=\"eltdf-pli-category-holder\">\n\t\t\t\t\t\t\t<a itemprop=\"url\" class=\"eltdf-pli-category\" href=\"http:\/\/167.235.1.82\/~eventbye\/index.php\/portfolio-category\/eventbyen\/\">Eventbyen<\/a>\n\t\t\t\t\t<\/div>\n\t\t\t\t\n\t\t\t\t<h3 itemprop=\"name\" class=\"eltdf-pli-title entry-title\" >\n\t\tPrivatfester\t<\/h3>\n\n\t\t\t\n\t\t\t\t\t<\/div>\n\t<\/div>\n<\/div>\n\t\t<a itemprop=\"url\" class=\"eltdf-pli-link eltdf-block-drag-link\" href=\"http:\/\/167.235.1.82\/~eventbye\/index.php\/privatfest\/\" target=\"_blank\"><\/a>\n\t<\/div>\n<\/article><article class=\"eltdf-pl-item eltdf-item-space  post-360 portfolio-item type-portfolio-item status-publish has-post-thumbnail hentry portfolio-category-eventbyen portfolio-tag-photo\" style=\"padding:0px 0 0px 15%\">\n\t<div class=\"eltdf-pl-item-inner\">\n\t\t<div class=\"eltdf-pli-image\">\n\t<img loading=\"lazy\" decoding=\"async\" width=\"1080\" height=\"1080\" src=\"http:\/\/167.235.1.82\/~eventbye\/wp-content\/uploads\/2019\/11\/1.png\" class=\"attachment-full size-full wp-post-image\" alt=\"En gruppe kolleger nyder en sjov firmafest hos Eventbyen med spil, l\u00e6kker mad og god stemning.\" srcset=\"http:\/\/167.235.1.82\/~eventbye\/wp-content\/uploads\/2019\/11\/1.png 1080w, http:\/\/167.235.1.82\/~eventbye\/wp-content\/uploads\/2019\/11\/1-300x300.png 300w, http:\/\/167.235.1.82\/~eventbye\/wp-content\/uploads\/2019\/11\/1-100x100.png 100w, http:\/\/167.235.1.82\/~eventbye\/wp-content\/uploads\/2019\/11\/1-600x600.png 600w, http:\/\/167.235.1.82\/~eventbye\/wp-content\/uploads\/2019\/11\/1-1024x1024.png 1024w, http:\/\/167.235.1.82\/~eventbye\/wp-content\/uploads\/2019\/11\/1-150x150.png 150w, http:\/\/167.235.1.82\/~eventbye\/wp-content\/uploads\/2019\/11\/1-768x768.png 768w, http:\/\/167.235.1.82\/~eventbye\/wp-content\/uploads\/2019\/11\/1-650x650.png 650w\" sizes=\"(max-width: 1080px) 100vw, 1080px\" \/><\/div>\n<div class=\"eltdf-pli-text-holder\" >\n\t<div class=\"eltdf-pli-text-wrapper\">\n\t\t<div class=\"eltdf-pli-text\">\n\t\t\t\t\t<div class=\"eltdf-pli-category-holder\">\n\t\t\t\t\t\t\t<a itemprop=\"url\" class=\"eltdf-pli-category\" href=\"http:\/\/167.235.1.82\/~eventbye\/index.php\/portfolio-category\/eventbyen\/\">Eventbyen<\/a>\n\t\t\t\t\t<\/div>\n\t\t\t\t\n\t\t\t\t<h3 itemprop=\"name\" class=\"eltdf-pli-title entry-title\" >\n\t\tFirmafester\t<\/h3>\n\n\t\t\t\n\t\t\t\t\t<\/div>\n\t<\/div>\n<\/div>\n\t\t<a itemprop=\"url\" class=\"eltdf-pli-link eltdf-block-drag-link\" href=\"https:\/\/167.235.1.82\/~eventbye\/index.php\/elementor-4371\/\" target=\"_blank\"><\/a>\n\t<\/div>\n<\/article><article class=\"eltdf-pl-item eltdf-item-space  post-366 portfolio-item type-portfolio-item status-publish has-post-thumbnail hentry portfolio-category-eventbyen portfolio-tag-photo\" style=\"padding:120px 0 57px 7%\">\n\t<div class=\"eltdf-pl-item-inner\">\n\t\t<div class=\"eltdf-pli-image\">\n\t<img loading=\"lazy\" decoding=\"async\" width=\"1080\" height=\"1080\" src=\"http:\/\/167.235.1.82\/~eventbye\/wp-content\/uploads\/2019\/11\/3.png\" class=\"attachment-full size-full wp-post-image\" alt=\"Eventbyen \u2013 et unikt eventsted, hvor vi skaber mindev\u00e6rdige oplevelser for b\u00e5de private og virksomheder.\" srcset=\"http:\/\/167.235.1.82\/~eventbye\/wp-content\/uploads\/2019\/11\/3.png 1080w, http:\/\/167.235.1.82\/~eventbye\/wp-content\/uploads\/2019\/11\/3-300x300.png 300w, http:\/\/167.235.1.82\/~eventbye\/wp-content\/uploads\/2019\/11\/3-100x100.png 100w, http:\/\/167.235.1.82\/~eventbye\/wp-content\/uploads\/2019\/11\/3-600x600.png 600w, http:\/\/167.235.1.82\/~eventbye\/wp-content\/uploads\/2019\/11\/3-1024x1024.png 1024w, http:\/\/167.235.1.82\/~eventbye\/wp-content\/uploads\/2019\/11\/3-150x150.png 150w, http:\/\/167.235.1.82\/~eventbye\/wp-content\/uploads\/2019\/11\/3-768x768.png 768w, http:\/\/167.235.1.82\/~eventbye\/wp-content\/uploads\/2019\/11\/3-650x650.png 650w\" sizes=\"(max-width: 1080px) 100vw, 1080px\" \/><\/div>\n<div class=\"eltdf-pli-text-holder\" >\n\t<div class=\"eltdf-pli-text-wrapper\">\n\t\t<div class=\"eltdf-pli-text\">\n\t\t\t\t\t<div class=\"eltdf-pli-category-holder\">\n\t\t\t\t\t\t\t<a itemprop=\"url\" class=\"eltdf-pli-category\" href=\"http:\/\/167.235.1.82\/~eventbye\/index.php\/portfolio-category\/eventbyen\/\">Eventbyen<\/a>\n\t\t\t\t\t<\/div>\n\t\t\t\t\n\t\t\t\t<h3 itemprop=\"name\" class=\"eltdf-pli-title entry-title\" >\n\t\tOmkring Os\t<\/h3>\n\n\t\t\t\n\t\t\t\t\t<\/div>\n\t<\/div>\n<\/div>\n\t\t<a itemprop=\"url\" class=\"eltdf-pli-link eltdf-block-drag-link\" href=\"http:\/\/167.235.1.82\/~eventbye\/index.php\/omkring-os\/\" target=\"_blank\"><\/a>\n\t<\/div>\n<\/article><article class=\"eltdf-pl-item eltdf-item-space  post-365 portfolio-item type-portfolio-item status-publish has-post-thumbnail hentry portfolio-category-eventbyen portfolio-tag-photo\" style=\"padding:120px 15% 57px 0\">\n\t<div class=\"eltdf-pl-item-inner\">\n\t\t<div class=\"eltdf-pli-image\">\n\t<img loading=\"lazy\" decoding=\"async\" width=\"1080\" height=\"1080\" src=\"http:\/\/167.235.1.82\/~eventbye\/wp-content\/uploads\/2019\/11\/4.png\" class=\"attachment-full size-full wp-post-image\" alt=\"Kontakt Eventbyen for at planl\u00e6gge dit n\u00e6ste arrangement \u2013 vi st\u00e5r klar til at hj\u00e6lpe med alt fra fester til firmaevents.\" srcset=\"http:\/\/167.235.1.82\/~eventbye\/wp-content\/uploads\/2019\/11\/4.png 1080w, http:\/\/167.235.1.82\/~eventbye\/wp-content\/uploads\/2019\/11\/4-300x300.png 300w, http:\/\/167.235.1.82\/~eventbye\/wp-content\/uploads\/2019\/11\/4-100x100.png 100w, http:\/\/167.235.1.82\/~eventbye\/wp-content\/uploads\/2019\/11\/4-600x600.png 600w, http:\/\/167.235.1.82\/~eventbye\/wp-content\/uploads\/2019\/11\/4-1024x1024.png 1024w, http:\/\/167.235.1.82\/~eventbye\/wp-content\/uploads\/2019\/11\/4-150x150.png 150w, http:\/\/167.235.1.82\/~eventbye\/wp-content\/uploads\/2019\/11\/4-768x768.png 768w, http:\/\/167.235.1.82\/~eventbye\/wp-content\/uploads\/2019\/11\/4-650x650.png 650w\" sizes=\"(max-width: 1080px) 100vw, 1080px\" \/><\/div>\n<div class=\"eltdf-pli-text-holder\" >\n\t<div class=\"eltdf-pli-text-wrapper\">\n\t\t<div class=\"eltdf-pli-text\">\n\t\t\t\t\t<div class=\"eltdf-pli-category-holder\">\n\t\t\t\t\t\t\t<a itemprop=\"url\" class=\"eltdf-pli-category\" href=\"http:\/\/167.235.1.82\/~eventbye\/index.php\/portfolio-category\/eventbyen\/\">Eventbyen<\/a>\n\t\t\t\t\t<\/div>\n\t\t\t\t\n\t\t\t\t<h3 itemprop=\"name\" class=\"eltdf-pli-title entry-title\" >\n\t\tKontakt\t<\/h3>\n\n\t\t\t\n\t\t\t\t\t<\/div>\n\t<\/div>\n<\/div>\n\t\t<a itemprop=\"url\" class=\"eltdf-pli-link eltdf-block-drag-link\" href=\"http:\/\/167.235.1.82\/~eventbye\/index.php\/kontakt\/\" target=\"_blank\"><\/a>\n\t<\/div>\n<\/article>\t<\/div>\n\t\n\t<\/div>\t\t<\/div>\n\t<\/div>\n<\/div><\/div>[\/vc_column][\/vc_row][vc_row][vc_column width=\"1\/3\" offset=\"vc_hidden-xs\"][\/vc_column][vc_column width=\"1\/3\" offset=\"vc_hidden-xs\"][\/vc_column][vc_column width=\"1\/3\" css=\".vc_custom_1578928754412{margin-top: -253px !important;}\" offset=\"vc_hidden-xs\"]<div class=\"eltdf-elements-holder   eltdf-one-column  eltdf-responsive-mode-768 \" ><div class=\"eltdf-eh-item    \"  data-item-class=\"eltdf-eh-custom-2503\" data-680=\"200px 0 0 0\">\n\t<div class=\"eltdf-eh-item-inner\">\n\t\t<div class=\"eltdf-eh-item-content eltdf-eh-custom-2503\" style=\"padding: 0 14% 0 0\">\n\t\t\t\t\t<\/div>\n\t<\/div>\n<\/div><\/div>[\/vc_column][\/vc_row][vc_row content_text_aligment=\"center\" css=\".vc_custom_1574263484956{padding-bottom: 70px !important;}\"][vc_column css=\".vc_custom_1574263574299{margin-top: -65px !important;}\"]<div class=\"eltdf-section-title-holder  \" >\n\t<div class=\"eltdf-st-inner\">\n\t\t\t\t\t<span class=\"eltdf-st-separator\" ><\/span>\n\t\t\t\t\t\t\t<h2 class=\"eltdf-st-title\" >\n\t\t\t\tAnmeldelser\t\t\t\t\t\t\t<\/h2>\n\t\t\t\t\t\t\t<h3  class=\"eltdf-st-subtitle\" style=\"text-transform: none;font-style: italic;color: #84847c\">\n\t\t\t\t<span>\n\t\t\t\t\tDetter er hvad folk siger om os\t\t\t\t\t\t\t\t\t<\/span>\n\t\t\t<\/h3 >\n\t\t\t\t\t\t\t<\/div>\n<\/div>[\/vc_column][\/vc_row][vc_row row_content_width=\"grid\"][vc_column]<div class=\"eltdf-testimonials-holder clearfix eltdf-testimonials-standard \">\n    <div class=\"eltdf-testimonials eltdf-owl-slider\" data-enable-loop=\"yes\" data-enable-autoplay=\"yes\" data-slider-speed=\"5000\" data-slider-speed-animation=\"600\" data-enable-navigation=\"yes\" data-enable-pagination=\"yes\">\n\n                <div class=\"eltdf-testimonial-content\" id=\"eltdf-testimonials-1268\">\n\t                            <div class=\"eltdf-testimonial-text-holder\">\n\t                \t\t                <span class=\"eltdf-testimonial-date\">August, 01, 2024<\/span>\n\t                                                            <h3 itemprop=\"name\" class=\"eltdf-testimonial-title entry-title\">\u2b50\u2b50\u2b50\u2b50\u2b50 Den fedeste polterabend!<\/h3>\n                                                                <p class=\"eltdf-testimonial-text\">Jeg bookede Eventbyen til min bedste vens polterabend, og vi havde en vanvittigt sjov dag! Der var b\u00e5de actionfyldte aktiviteter, l\u00e6kker mad og en festlig stemning hele vejen igennem. Kan varmt anbefales til alle, der vil holde en polterabend ud over det s\u00e6dvanlige!<\/p>\n                                                                <h6 class=\"eltdf-testimonial-author\">\n                            <span class=\"eltdf-testimonials-author-name\">Jonas R., forlover<\/span>\n                        <\/h6>\n                                    <\/div>\n            <\/div>\n\n                <div class=\"eltdf-testimonial-content\" id=\"eltdf-testimonials-1269\">\n\t                            <div class=\"eltdf-testimonial-text-holder\">\n\t                \t\t                <span class=\"eltdf-testimonial-date\">June, 28, 2024<\/span>\n\t                                                            <h3 itemprop=\"name\" class=\"eltdf-testimonial-title entry-title\">\u2b50\u2b50\u2b50\u2b50\u2b50 Dr\u00f8mmebryllup i de perfekte rammer<\/h3>\n                                                                <p class=\"eltdf-testimonial-text\">Vi holdt vores bryllupsfest i Eventbyen, og det var pr\u00e6cis, som vi havde dr\u00f8mt om! Personalet var utroligt hj\u00e6lpsomme, lokalerne var smukt dekoreret, og stemningen var magisk. Vores g\u00e6ster var imponerede, og vi kunne ikke have \u00f8nsket os en bedre dag.<\/p>\n                                                                <h6 class=\"eltdf-testimonial-author\">\n                            <span class=\"eltdf-testimonials-author-name\">Sofie &amp; Anders M., nygifte<\/span>\n                        <\/h6>\n                                    <\/div>\n            <\/div>\n\n                <div class=\"eltdf-testimonial-content\" id=\"eltdf-testimonials-1270\">\n\t                            <div class=\"eltdf-testimonial-text-holder\">\n\t                \t\t                <span class=\"eltdf-testimonial-date\">Oktober, 23, 2024<\/span>\n\t                                                            <h3 itemprop=\"name\" class=\"eltdf-testimonial-title entry-title\">\u2b50\u2b50\u2b50\u2b50\u2b50 Perfekt sted til vores firmafest!<\/h3>\n                                                                <p class=\"eltdf-testimonial-text\">Eventbyen leverede en fantastisk firmafest for vores team! Alt var planlagt til mindste detalje, og b\u00e5de mad, service og aktiviteter var i topklasse. Det var en aften fyldt med grin, sjove konkurrencer og god stemning. Vi kommer helt sikkert igen!<\/p>\n                                                                <h6 class=\"eltdf-testimonial-author\">\n                            <span class=\"eltdf-testimonials-author-name\">Morten L., HR-chef, TechSolutions A\/S<\/span>\n                        <\/h6>\n                                    <\/div>\n            <\/div>\n\n    \n    <\/div>\n<\/div>[vc_separator css=\"\"][\/vc_column][\/vc_row]<\/p>\t\t\t\t\t\t\t\t<\/div>\n\t\t\t\t<\/div>\n\t\t\t\t\t<\/div>\n\t\t\t\t<\/div>\n\t\t<div class=\"elementor-element elementor-element-88e114e e-flex e-con-boxed e-con e-parent\" data-id=\"88e114e\" data-element_type=\"container\" data-e-type=\"container\">\n\t\t\t\t\t<div class=\"e-con-inner\">\n\t\t\t\t<div class=\"elementor-element elementor-element-4f914a8 elementor-widget elementor-widget-html\" data-id=\"4f914a8\" data-element_type=\"widget\" data-e-type=\"widget\" data-widget_type=\"html.default\">\n\t\t\t\t<div class=\"elementor-widget-container\">\n\t\t\t\t\t<div class=\"fixed-contact-buttons\">\n  <a href=\"tel:42901999\" class=\"custom-button\">\n    28 49 28 34\n  <\/a>\n  <a href=\"mailto:info@eventbyen.dk\" class=\"custom-button\">\n    <i class=\"fa-solid fa-envelope icon\"><\/i> Skriv besked\n  <\/a>\n<\/div>\n\t\t\t\t<\/div>\n\t\t\t\t<\/div>\n\t\t\t\t\t<\/div>\n\t\t\t\t<\/div>\n\t\t\t\t<\/div>\n\t\t<\/div>","protected":false},"excerpt":{"rendered":"<p>[vc_row][vc_column][\/vc_column][\/vc_row][vc_row row_content_width=&#8221;grid&#8221; css=&#8221;.vc_custom_1579780501344{padding-top: 112px !important;}&#8221; simple_background_color=&#8221;#f4f0ed&#8221;][vc_column][\/vc_column][\/vc_row][vc_row row_content_width=&#8221;grid&#8221;][vc_column css=&#8221;.vc_custom_1579532734729{margin-top: -66% !important; }&#8221;][\/vc_column][\/vc_row][vc_row][vc_column width=&#8221;1\/3&#8243; offset=&#8221;vc_hidden-xs&#8221;][\/vc_column][vc_column width=&#8221;1\/3&#8243; offset=&#8221;vc_hidden-xs&#8221;][\/vc_column][vc_column width=&#8221;1\/3&#8243; css=&#8221;.vc_custom_1578928754412{margin-top: -253px !important;}&#8221; offset=&#8221;vc_hidden-xs&#8221;][\/vc_column][\/vc_row][vc_row content_text_aligment=&#8221;center&#8221; css=&#8221;.vc_custom_1574263484956{padding-bottom: 70px !important;}&#8221;][vc_column css=&#8221;.vc_custom_1574263574299{margin-top: -65px !important;}&#8221;][\/vc_column][\/vc_row][vc_row row_content_width=&#8221;grid&#8221;][vc_column][vc_separator css=&#8221;&#8221;][\/vc_column][\/vc_row][vc_row][vc_column][vc_column_text] 28 49 28 34 Skriv besked [\/vc_column_text][\/vc_column][\/vc_row]<\/p>\n","protected":false},"author":1,"featured_media":0,"parent":0,"menu_order":0,"comment_status":"closed","ping_status":"closed","template":"","meta":{"footnotes":""},"class_list":["post-3678","page","type-page","status-publish","hentry"],"_links":{"self":[{"href":"http:\/\/167.235.1.82\/~eventbye\/index.php\/wp-json\/wp\/v2\/pages\/3678","targetHints":{"allow":["GET"]}}],"collection":[{"href":"http:\/\/167.235.1.82\/~eventbye\/index.php\/wp-json\/wp\/v2\/pages"}],"about":[{"href":"http:\/\/167.235.1.82\/~eventbye\/index.php\/wp-json\/wp\/v2\/types\/page"}],"author":[{"embeddable":true,"href":"http:\/\/167.235.1.82\/~eventbye\/index.php\/wp-json\/wp\/v2\/users\/1"}],"replies":[{"embeddable":true,"href":"http:\/\/167.235.1.82\/~eventbye\/index.php\/wp-json\/wp\/v2\/comments?post=3678"}],"version-history":[{"count":61,"href":"http:\/\/167.235.1.82\/~eventbye\/index.php\/wp-json\/wp\/v2\/pages\/3678\/revisions"}],"predecessor-version":[{"id":5868,"href":"http:\/\/167.235.1.82\/~eventbye\/index.php\/wp-json\/wp\/v2\/pages\/3678\/revisions\/5868"}],"wp:attachment":[{"href":"http:\/\/167.235.1.82\/~eventbye\/index.php\/wp-json\/wp\/v2\/media?parent=3678"}],"curies":[{"name":"wp","href":"https:\/\/api.w.org\/{rel}","templated":true}]}}