{"id":5029,"date":"2025-02-10T07:59:08","date_gmt":"2025-02-10T07:59:08","guid":{"rendered":"http:\/\/167.235.1.82\/~eventbye\/?page_id=5029"},"modified":"2025-06-26T13:26:12","modified_gmt":"2025-06-26T13:26:12","slug":"eventbyen-koebenhavn","status":"publish","type":"page","link":"http:\/\/167.235.1.82\/~eventbye\/index.php\/eventbyen-koebenhavn\/","title":{"rendered":"Eventbyen K\u00f8benhavn"},"content":{"rendered":"\t\t<div data-elementor-type=\"wp-post\" data-elementor-id=\"5029\" class=\"elementor elementor-5029\" data-elementor-post-type=\"page\">\n\t\t\t\t<div class=\"elementor-element elementor-element-60107d3 e-flex e-con-boxed e-con e-parent\" data-id=\"60107d3\" data-element_type=\"container\" data-e-type=\"container\" data-settings=\"{&quot;background_background&quot;:&quot;classic&quot;}\">\n\t\t\t\t\t<div class=\"e-con-inner\">\n\t\t\t\t<div class=\"elementor-element elementor-element-af38818 elementor-widget-divider--view-line elementor-widget elementor-widget-divider\" data-id=\"af38818\" data-element_type=\"widget\" data-e-type=\"widget\" data-widget_type=\"divider.default\">\n\t\t\t\t<div class=\"elementor-widget-container\">\n\t\t\t\t\t\t\t<div class=\"elementor-divider\">\n\t\t\t<span class=\"elementor-divider-separator\">\n\t\t\t\t\t\t<\/span>\n\t\t<\/div>\n\t\t\t\t\t\t<\/div>\n\t\t\t\t<\/div>\n\t\t\t\t<div class=\"elementor-element elementor-element-645de7d elementor-widget elementor-widget-heading\" data-id=\"645de7d\" data-element_type=\"widget\" data-e-type=\"widget\" data-widget_type=\"heading.default\">\n\t\t\t\t<div class=\"elementor-widget-container\">\n\t\t\t\t\t<h1 class=\"elementor-heading-title elementor-size-default\">Eventbyen K\u00f8benhavn<\/h1>\t\t\t\t<\/div>\n\t\t\t\t<\/div>\n\t\t\t\t<div class=\"elementor-element elementor-element-3963e7e elementor-widget elementor-widget-heading\" data-id=\"3963e7e\" data-element_type=\"widget\" data-e-type=\"widget\" data-widget_type=\"heading.default\">\n\t\t\t\t<div class=\"elementor-widget-container\">\n\t\t\t\t\t<h3 class=\"elementor-heading-title elementor-size-default\">Dit eventcenter med uendelige muligheder<\/h3>\t\t\t\t<\/div>\n\t\t\t\t<\/div>\n\t\t\t\t<div class=\"elementor-element elementor-element-c953b9f elementor-widget elementor-widget-heading\" data-id=\"c953b9f\" data-element_type=\"widget\" data-e-type=\"widget\" data-widget_type=\"heading.default\">\n\t\t\t\t<div class=\"elementor-widget-container\">\n\t\t\t\t\t<h3 class=\"elementor-heading-title elementor-size-default\">Adresse: Hulg\u00e5rdsvej 85, 2400 K\u00f8benhavn NV\u200b<\/h3>\t\t\t\t<\/div>\n\t\t\t\t<\/div>\n\t\t\t\t<div class=\"elementor-element elementor-element-ff21bbd elementor-widget-divider--view-line elementor-widget elementor-widget-divider\" data-id=\"ff21bbd\" data-element_type=\"widget\" data-e-type=\"widget\" data-widget_type=\"divider.default\">\n\t\t\t\t<div class=\"elementor-widget-container\">\n\t\t\t\t\t\t\t<div class=\"elementor-divider\">\n\t\t\t<span class=\"elementor-divider-separator\">\n\t\t\t\t\t\t<\/span>\n\t\t<\/div>\n\t\t\t\t\t\t<\/div>\n\t\t\t\t<\/div>\n\t\t<div class=\"elementor-element elementor-element-6b4995e e-con-full e-flex e-con e-child\" data-id=\"6b4995e\" data-element_type=\"container\" data-e-type=\"container\">\n\t\t\t\t<div class=\"elementor-element elementor-element-70b16f4 elementor-widget elementor-widget-text-editor\" data-id=\"70b16f4\" data-element_type=\"widget\" data-e-type=\"widget\" data-widget_type=\"text-editor.default\">\n\t\t\t\t<div class=\"elementor-widget-container\">\n\t\t\t\t\t\t\t\t\t<div style=\"font-size: 22px; line-height: 1.8;\">Velkommen til Eventbyen K\u00f8benhavn \u2013 det perfekte sted til fester og events med lidt ekstra! Beliggende i hjertet af K\u00f8benhavn NV, tilbyder vi moderne og fleksible lokaler til alle slags begivenheder. Uanset om du planl\u00e6gger en fest, et firmaarrangement eller en social sammenkomst, s\u00f8rger vi for en oplevelse, der kombinerer elegance og sjov.<\/div><div style=\"font-size: 22px; line-height: 1.8;\"><p><strong style=\"font-weight: bold;\">Lidt om os hos Eventbyen K\u00f8benhavn:<\/strong><br \/>Kapacitet:\u00a0Vores lokaler kan rumme op til 150 spisende g\u00e6ster, og endnu flere, hvis du v\u00e6lger et sta\u030aende arrangement. Vi tilbyder fleksible ops\u00e6tninger, der kan tilpasses lige pr\u00e6cis dit behov.<\/p><p><strong style=\"font-weight: bold;\">Aktiviteter:<\/strong><\/p><p>Med 12 Trackman-simulatorer kan du og dine g\u00e6ster pr\u00f8ve kr\u00e6fter med golf og andre sjove, virtuelle spil \u2013 perfekt til at bryde isen eller tilf\u00f8je lidt konkurrence til festen.<\/p><p><strong style=\"font-weight: bold;\">Store udend\u00f8rs omr\u00e5der:<\/strong><\/p><\/div><div style=\"font-size: 22px; line-height: 1.8;\"><p>Hos Eventbyen K\u00f8benhavn har vi store udend\u00f8rs arealer, hvor kun fantasien s\u00e6tter gr\u00e6nser. Her kan du tilf\u00f8je aktiviteter som petanque, padel eller en fodboldkamp til dit arrangement \u2013 det perfekte valg til sommerfester eller teambuilding-events.<\/p><p><strong style=\"font-weight: bold;\">Praktiske informationer:<\/strong><br \/>Central beliggenhed med offentlig transport lige uden for d\u00f8ren er det nemt for dine g\u00e6ster at komme frem og tilbage, uanset hvor de kommer fra. Store parkeringsarealer med 4 timers\/ gratis parkering.<\/p><\/div><div style=\"font-size: 22px; line-height: 1.8;\">Vores erfarne eventkoordinatorer sta\u030ar klar til at hj\u00e6lpe dig med planl\u00e6gningen \u2013 fra dekoration og ops\u00e6tning til mad, aktiviteter og underholdning. Vi s\u00f8rger for, at din begivenhed bliver en unik og mindev\u00e6rdig oplevelse.<\/div>\t\t\t\t\t\t\t\t<\/div>\n\t\t\t\t<\/div>\n\t\t\t\t<\/div>\n\t\t\t\t<div class=\"elementor-element elementor-element-3ada8d1 elementor-widget-divider--view-line elementor-widget elementor-widget-divider\" data-id=\"3ada8d1\" data-element_type=\"widget\" data-e-type=\"widget\" data-widget_type=\"divider.default\">\n\t\t\t\t<div class=\"elementor-widget-container\">\n\t\t\t\t\t\t\t<div class=\"elementor-divider\">\n\t\t\t<span class=\"elementor-divider-separator\">\n\t\t\t\t\t\t<\/span>\n\t\t<\/div>\n\t\t\t\t\t\t<\/div>\n\t\t\t\t<\/div>\n\t\t<div class=\"elementor-element elementor-element-8cf2225 e-con-full e-flex e-con e-child\" data-id=\"8cf2225\" data-element_type=\"container\" data-e-type=\"container\">\n\t\t\t\t<div class=\"elementor-element elementor-element-344c9aa elementor-widget elementor-widget-google_maps\" data-id=\"344c9aa\" data-element_type=\"widget\" data-e-type=\"widget\" data-widget_type=\"google_maps.default\">\n\t\t\t\t<div class=\"elementor-widget-container\">\n\t\t\t\t\t\t\t<div class=\"elementor-custom-embed\">\n\t\t\t<iframe loading=\"lazy\"\n\t\t\t\t\tsrc=\"https:\/\/maps.google.com\/maps?q=hulg%C3%A5rdsvej%2085%2C%202400%20K%C3%B8benhavn%20NV%E2%80%8B&#038;t=m&#038;z=16&#038;output=embed&#038;iwloc=near\"\n\t\t\t\t\ttitle=\"hulg\u00e5rdsvej 85, 2400 K\u00f8benhavn NV\u200b\"\n\t\t\t\t\taria-label=\"hulg\u00e5rdsvej 85, 2400 K\u00f8benhavn NV\u200b\"\n\t\t\t><\/iframe>\n\t\t<\/div>\n\t\t\t\t\t\t<\/div>\n\t\t\t\t<\/div>\n\t\t\t\t<div class=\"elementor-element elementor-element-31e9c45 elementor-widget-divider--view-line elementor-widget elementor-widget-divider\" data-id=\"31e9c45\" data-element_type=\"widget\" data-e-type=\"widget\" data-widget_type=\"divider.default\">\n\t\t\t\t<div class=\"elementor-widget-container\">\n\t\t\t\t\t\t\t<div class=\"elementor-divider\">\n\t\t\t<span class=\"elementor-divider-separator\">\n\t\t\t\t\t\t<\/span>\n\t\t<\/div>\n\t\t\t\t\t\t<\/div>\n\t\t\t\t<\/div>\n\t\t\t\t<\/div>\n\t\t\t\t\t<\/div>\n\t\t\t\t<\/div>\n\t\t\t\t<\/div>\n\t\t","protected":false},"excerpt":{"rendered":"<p>Eventbyen K\u00f8benhavn Dit eventcenter med uendelige muligheder Adresse: Hulg\u00e5rdsvej 85, 2400 K\u00f8benhavn NV\u200b Velkommen til Eventbyen K\u00f8benhavn \u2013 det perfekte sted til fester og events med lidt ekstra! Beliggende i hjertet af K\u00f8benhavn NV, tilbyder vi moderne og fleksible lokaler til alle slags begivenheder. Uanset om du planl\u00e6gger en fest, et firmaarrangement eller en social sammenkomst, s\u00f8rger [&hellip;]<\/p>\n","protected":false},"author":1,"featured_media":3913,"parent":0,"menu_order":0,"comment_status":"closed","ping_status":"closed","template":"","meta":{"footnotes":""},"class_list":["post-5029","page","type-page","status-publish","has-post-thumbnail","hentry"],"_links":{"self":[{"href":"http:\/\/167.235.1.82\/~eventbye\/index.php\/wp-json\/wp\/v2\/pages\/5029","targetHints":{"allow":["GET"]}}],"collection":[{"href":"http:\/\/167.235.1.82\/~eventbye\/index.php\/wp-json\/wp\/v2\/pages"}],"about":[{"href":"http:\/\/167.235.1.82\/~eventbye\/index.php\/wp-json\/wp\/v2\/types\/page"}],"author":[{"embeddable":true,"href":"http:\/\/167.235.1.82\/~eventbye\/index.php\/wp-json\/wp\/v2\/users\/1"}],"replies":[{"embeddable":true,"href":"http:\/\/167.235.1.82\/~eventbye\/index.php\/wp-json\/wp\/v2\/comments?post=5029"}],"version-history":[{"count":31,"href":"http:\/\/167.235.1.82\/~eventbye\/index.php\/wp-json\/wp\/v2\/pages\/5029\/revisions"}],"predecessor-version":[{"id":5697,"href":"http:\/\/167.235.1.82\/~eventbye\/index.php\/wp-json\/wp\/v2\/pages\/5029\/revisions\/5697"}],"wp:featuredmedia":[{"embeddable":true,"href":"http:\/\/167.235.1.82\/~eventbye\/index.php\/wp-json\/wp\/v2\/media\/3913"}],"wp:attachment":[{"href":"http:\/\/167.235.1.82\/~eventbye\/index.php\/wp-json\/wp\/v2\/media?parent=5029"}],"curies":[{"name":"wp","href":"https:\/\/api.w.org\/{rel}","templated":true}]}}