{"id":6125,"date":"2024-04-22T08:36:18","date_gmt":"2024-04-22T06:36:18","guid":{"rendered":"https:\/\/cleanwater.selectedforyou.dk\/?post_type=product&#038;p=6125"},"modified":"2024-04-22T08:38:16","modified_gmt":"2024-04-22T06:38:16","slug":"filterpakke-1-aar","status":"publish","type":"product","link":"http:\/\/167.235.1.82\/~selected\/vare\/filterpakke-1-aar\/","title":{"rendered":"Filterpakke 1. \u00e5r"},"content":{"rendered":"<p><strong>PRE-filter og POST-filter i samlet pakke til udskiftning efter 1. f\u00f8rste \u00e5r<\/strong><\/p>\n<p>Filterpakke 1. \u00e5r indeholder de to kulfiltre fra A2O Pures filtersystem p\u00e5 tre filtre &#8211; de to kulfiltre skal i gennemsnit skiftes hvert \u00e5r.<\/p>\n<p>Efter to \u00e5rs brug i en gennemsnitlig husholdning, skal du til geng\u00e6ld skifte alle tre filtre. Dem kan du k\u00f8be samlet i <a href=\"https:\/\/cleanwater.selectedforyou.dk\/vare\/filterpakke-2-aar\/\">Filterpakke 2. \u00e5r<\/a>. Systemet fort\u00e6ller selv, hvorn\u00e5r du skal skifte filtrene.<\/p>\n<p>Alle tre filtre f\u00f8lger med, n\u00e5r du modtager vandfiltreringssystemet <a href=\"https:\/\/cleanwater.selectedforyou.dk\/vare\/aquaporin-a2o-pure-vandfiltreringssystem\/\" target=\"_blank\" rel=\"noopener\">A2O Pure<\/a>.<\/p>\n<p>&nbsp;<\/p>\n<p>Specifikationer:<\/p>\n<p>Fabrikat: Aquaporin<\/p>\n<p>Materiale inde i patronen &#8211; filter 1: Vat med PP + aktivt kul<\/p>\n<p>Materiale inde i patronen &#8211; filter 2: Aktivt kul<\/p>\n<p>Levetid: 12 m\u00e5neders eller 4.500 liter<\/p>\n","protected":false},"excerpt":{"rendered":"<p>Eller 3. \u00e5r, eller 5. \u00e5r, etc. Denne filterpakke indeholder de to kulfiltre, som i gennemsnit skal skiftes \u00e5rligt. F\u00f8rste \u00e5r og dern\u00e6st hvert andet \u00e5r har du alts\u00e5 kun behov for at k\u00f8be disse to filtre.<\/p>\n<p>A2O Pure PRE-filteret (1) og POST-filteret (2) er f\u00f8rste og sidste del af vandfiltreringssystemet <a href=\"https:\/\/cleanwater.selectedforyou.dk\/vare\/aquaporin-a2o-pure-vandfiltreringssystem\/\" target=\"_blank\" rel=\"noopener\">A2O Pures<\/a>\u00a0tredelte filtreringssystem. I systemet kombineres det med\u00a0<a href=\"https:\/\/cleanwater.selectedforyou.dk\/vare\/aquaporin-a2o-pure-post-filter-kopier\/\" target=\"_blank\" rel=\"noopener\">DWRO\u00ae Aquaporin Inside\u00ae-membranen<\/a> (3), som skal skiftes i gennemsnit hvert andet \u00e5r i en almindelig husholdning. Skal du bruge alle tre filtre, kan du finde dem i en samlet pakke: <a href=\"https:\/\/cleanwater.selectedforyou.dk\/vare\/filterpakke-2-aar\/\">Filterpakke 2. \u00e5r<\/a>.<\/p>\n","protected":false},"featured_media":6127,"comment_status":"closed","ping_status":"closed","template":"","meta":{"_bbp_topic_count":0,"_bbp_reply_count":0,"_bbp_total_topic_count":0,"_bbp_total_reply_count":0,"_bbp_voice_count":0,"_bbp_anonymous_reply_count":0,"_bbp_topic_count_hidden":0,"_bbp_reply_count_hidden":0,"_bbp_forum_subforum_count":0},"product_brand":[],"product_cat":[106],"product_tag":[],"class_list":{"0":"post-6125","1":"product","2":"type-product","3":"status-publish","4":"has-post-thumbnail","6":"product_cat-filtre","8":"first","9":"instock","10":"taxable","11":"shipping-taxable","12":"purchasable","13":"product-type-simple"},"yoast_head":"<!-- This site is optimized with the Yoast SEO plugin v27.5 - https:\/\/yoast.com\/product\/yoast-seo-wordpress\/ -->\n<title>Filterpakke 1. \u00e5r - alt hvad du beh\u00f8ver efter et \u00e5rs brug af A2O Pure<\/title>\n<meta name=\"description\" content=\"Find en samlet pakke med de to kulfiltre i Filterpakke 1. \u00e5r, n\u00e5r din A2O Pure beder om at f\u00e5 skiftet filtrene. S\u00e5 har du helt rent drikkevand endnu et \u00e5r.\" \/>\n<meta name=\"robots\" content=\"noindex, follow, max-snippet:-1, max-image-preview:large, max-video-preview:-1\" \/>\n<meta property=\"og:locale\" content=\"da_DK\" \/>\n<meta property=\"og:type\" content=\"article\" \/>\n<meta property=\"og:title\" content=\"Filterpakke 1. \u00e5r - alt hvad du beh\u00f8ver efter et \u00e5rs brug af A2O Pure\" \/>\n<meta property=\"og:description\" content=\"Find en samlet pakke med de to kulfiltre i Filterpakke 1. \u00e5r, n\u00e5r din A2O Pure beder om at f\u00e5 skiftet filtrene. S\u00e5 har du helt rent drikkevand endnu et \u00e5r.\" \/>\n<meta property=\"og:url\" content=\"http:\/\/167.235.1.82\/~selected\/vare\/filterpakke-1-aar\/\" \/>\n<meta property=\"og:site_name\" content=\"CleanWater2.selectedforyou.dk\" \/>\n<meta property=\"article:modified_time\" content=\"2024-04-22T06:38:16+00:00\" \/>\n<meta property=\"og:image\" content=\"http:\/\/167.235.1.82\/~selected\/wp-content\/uploads\/2024\/04\/AQ-40118_40119_720_540px.jpg\" \/>\n\t<meta property=\"og:image:width\" content=\"720\" \/>\n\t<meta property=\"og:image:height\" content=\"540\" \/>\n\t<meta property=\"og:image:type\" content=\"image\/jpeg\" \/>\n<meta name=\"twitter:card\" content=\"summary_large_image\" \/>\n<meta name=\"twitter:label1\" content=\"Estimeret l\u00e6setid\" \/>\n\t<meta name=\"twitter:data1\" content=\"1 minut\" \/>\n<script type=\"application\/ld+json\" class=\"yoast-schema-graph\">{\"@context\":\"https:\\\/\\\/schema.org\",\"@graph\":[{\"@type\":\"WebPage\",\"@id\":\"http:\\\/\\\/167.235.1.82\\\/~selected\\\/vare\\\/filterpakke-1-aar\\\/\",\"url\":\"http:\\\/\\\/167.235.1.82\\\/~selected\\\/vare\\\/filterpakke-1-aar\\\/\",\"name\":\"Filterpakke 1. \u00e5r - alt hvad du beh\u00f8ver efter et \u00e5rs brug af A2O Pure\",\"isPartOf\":{\"@id\":\"http:\\\/\\\/167.235.1.82\\\/~selected\\\/#website\"},\"primaryImageOfPage\":{\"@id\":\"http:\\\/\\\/167.235.1.82\\\/~selected\\\/vare\\\/filterpakke-1-aar\\\/#primaryimage\"},\"image\":{\"@id\":\"http:\\\/\\\/167.235.1.82\\\/~selected\\\/vare\\\/filterpakke-1-aar\\\/#primaryimage\"},\"thumbnailUrl\":\"http:\\\/\\\/167.235.1.82\\\/~selected\\\/wp-content\\\/uploads\\\/2024\\\/04\\\/AQ-40118_40119_720_540px.jpg\",\"datePublished\":\"2024-04-22T06:36:18+00:00\",\"dateModified\":\"2024-04-22T06:38:16+00:00\",\"description\":\"Find en samlet pakke med de to kulfiltre i Filterpakke 1. \u00e5r, n\u00e5r din A2O Pure beder om at f\u00e5 skiftet filtrene. S\u00e5 har du helt rent drikkevand endnu et \u00e5r.\",\"breadcrumb\":{\"@id\":\"http:\\\/\\\/167.235.1.82\\\/~selected\\\/vare\\\/filterpakke-1-aar\\\/#breadcrumb\"},\"inLanguage\":\"da-DK\",\"potentialAction\":[{\"@type\":\"ReadAction\",\"target\":[\"http:\\\/\\\/167.235.1.82\\\/~selected\\\/vare\\\/filterpakke-1-aar\\\/\"]}]},{\"@type\":\"ImageObject\",\"inLanguage\":\"da-DK\",\"@id\":\"http:\\\/\\\/167.235.1.82\\\/~selected\\\/vare\\\/filterpakke-1-aar\\\/#primaryimage\",\"url\":\"http:\\\/\\\/167.235.1.82\\\/~selected\\\/wp-content\\\/uploads\\\/2024\\\/04\\\/AQ-40118_40119_720_540px.jpg\",\"contentUrl\":\"http:\\\/\\\/167.235.1.82\\\/~selected\\\/wp-content\\\/uploads\\\/2024\\\/04\\\/AQ-40118_40119_720_540px.jpg\",\"width\":720,\"height\":540,\"caption\":\"Kulfiltre, der \u00e5rligt skal udskiftes i A2O Pure\"},{\"@type\":\"BreadcrumbList\",\"@id\":\"http:\\\/\\\/167.235.1.82\\\/~selected\\\/vare\\\/filterpakke-1-aar\\\/#breadcrumb\",\"itemListElement\":[{\"@type\":\"ListItem\",\"position\":1,\"name\":\"Hjem\",\"item\":\"http:\\\/\\\/167.235.1.82\\\/~selected\\\/\"},{\"@type\":\"ListItem\",\"position\":2,\"name\":\"Privat: Butik\",\"item\":\"http:\\\/\\\/167.235.1.82\\\/~selected\\\/?page_id=4417\"},{\"@type\":\"ListItem\",\"position\":3,\"name\":\"Filterpakke 1. \u00e5r\"}]},{\"@type\":\"WebSite\",\"@id\":\"http:\\\/\\\/167.235.1.82\\\/~selected\\\/#website\",\"url\":\"http:\\\/\\\/167.235.1.82\\\/~selected\\\/\",\"name\":\"cleanwater.selectedforyou.dk\\\/\",\"description\":\"Rent vand er afg\u00f8rende for vores overlevelse og velv\u00e6re\",\"publisher\":{\"@id\":\"http:\\\/\\\/167.235.1.82\\\/~selected\\\/#organization\"},\"potentialAction\":[{\"@type\":\"SearchAction\",\"target\":{\"@type\":\"EntryPoint\",\"urlTemplate\":\"http:\\\/\\\/167.235.1.82\\\/~selected\\\/?s={search_term_string}\"},\"query-input\":{\"@type\":\"PropertyValueSpecification\",\"valueRequired\":true,\"valueName\":\"search_term_string\"}}],\"inLanguage\":\"da-DK\"},{\"@type\":\"Organization\",\"@id\":\"http:\\\/\\\/167.235.1.82\\\/~selected\\\/#organization\",\"name\":\"cleanwater.selectedforyou.dk\\\/\",\"url\":\"http:\\\/\\\/167.235.1.82\\\/~selected\\\/\",\"logo\":{\"@type\":\"ImageObject\",\"inLanguage\":\"da-DK\",\"@id\":\"http:\\\/\\\/167.235.1.82\\\/~selected\\\/#\\\/schema\\\/logo\\\/image\\\/\",\"url\":\"https:\\\/\\\/cleanwater.selectedforyou.dk\\\/wp-content\\\/uploads\\\/2023\\\/09\\\/CleanWater_logo_S.png\",\"contentUrl\":\"https:\\\/\\\/cleanwater.selectedforyou.dk\\\/wp-content\\\/uploads\\\/2023\\\/09\\\/CleanWater_logo_S.png\",\"width\":300,\"height\":80,\"caption\":\"cleanwater.selectedforyou.dk\\\/\"},\"image\":{\"@id\":\"http:\\\/\\\/167.235.1.82\\\/~selected\\\/#\\\/schema\\\/logo\\\/image\\\/\"}}]}<\/script>\n<!-- \/ Yoast SEO plugin. -->","yoast_head_json":{"title":"Filterpakke 1. \u00e5r - alt hvad du beh\u00f8ver efter et \u00e5rs brug af A2O Pure","description":"Find en samlet pakke med de to kulfiltre i Filterpakke 1. \u00e5r, n\u00e5r din A2O Pure beder om at f\u00e5 skiftet filtrene. S\u00e5 har du helt rent drikkevand endnu et \u00e5r.","robots":{"index":"noindex","follow":"follow","max-snippet":"max-snippet:-1","max-image-preview":"max-image-preview:large","max-video-preview":"max-video-preview:-1"},"og_locale":"da_DK","og_type":"article","og_title":"Filterpakke 1. \u00e5r - alt hvad du beh\u00f8ver efter et \u00e5rs brug af A2O Pure","og_description":"Find en samlet pakke med de to kulfiltre i Filterpakke 1. \u00e5r, n\u00e5r din A2O Pure beder om at f\u00e5 skiftet filtrene. S\u00e5 har du helt rent drikkevand endnu et \u00e5r.","og_url":"http:\/\/167.235.1.82\/~selected\/vare\/filterpakke-1-aar\/","og_site_name":"CleanWater2.selectedforyou.dk","article_modified_time":"2024-04-22T06:38:16+00:00","og_image":[{"width":720,"height":540,"url":"http:\/\/167.235.1.82\/~selected\/wp-content\/uploads\/2024\/04\/AQ-40118_40119_720_540px.jpg","type":"image\/jpeg"}],"twitter_card":"summary_large_image","twitter_misc":{"Estimeret l\u00e6setid":"1 minut"},"schema":{"@context":"https:\/\/schema.org","@graph":[{"@type":"WebPage","@id":"http:\/\/167.235.1.82\/~selected\/vare\/filterpakke-1-aar\/","url":"http:\/\/167.235.1.82\/~selected\/vare\/filterpakke-1-aar\/","name":"Filterpakke 1. \u00e5r - alt hvad du beh\u00f8ver efter et \u00e5rs brug af A2O Pure","isPartOf":{"@id":"http:\/\/167.235.1.82\/~selected\/#website"},"primaryImageOfPage":{"@id":"http:\/\/167.235.1.82\/~selected\/vare\/filterpakke-1-aar\/#primaryimage"},"image":{"@id":"http:\/\/167.235.1.82\/~selected\/vare\/filterpakke-1-aar\/#primaryimage"},"thumbnailUrl":"http:\/\/167.235.1.82\/~selected\/wp-content\/uploads\/2024\/04\/AQ-40118_40119_720_540px.jpg","datePublished":"2024-04-22T06:36:18+00:00","dateModified":"2024-04-22T06:38:16+00:00","description":"Find en samlet pakke med de to kulfiltre i Filterpakke 1. \u00e5r, n\u00e5r din A2O Pure beder om at f\u00e5 skiftet filtrene. S\u00e5 har du helt rent drikkevand endnu et \u00e5r.","breadcrumb":{"@id":"http:\/\/167.235.1.82\/~selected\/vare\/filterpakke-1-aar\/#breadcrumb"},"inLanguage":"da-DK","potentialAction":[{"@type":"ReadAction","target":["http:\/\/167.235.1.82\/~selected\/vare\/filterpakke-1-aar\/"]}]},{"@type":"ImageObject","inLanguage":"da-DK","@id":"http:\/\/167.235.1.82\/~selected\/vare\/filterpakke-1-aar\/#primaryimage","url":"http:\/\/167.235.1.82\/~selected\/wp-content\/uploads\/2024\/04\/AQ-40118_40119_720_540px.jpg","contentUrl":"http:\/\/167.235.1.82\/~selected\/wp-content\/uploads\/2024\/04\/AQ-40118_40119_720_540px.jpg","width":720,"height":540,"caption":"Kulfiltre, der \u00e5rligt skal udskiftes i A2O Pure"},{"@type":"BreadcrumbList","@id":"http:\/\/167.235.1.82\/~selected\/vare\/filterpakke-1-aar\/#breadcrumb","itemListElement":[{"@type":"ListItem","position":1,"name":"Hjem","item":"http:\/\/167.235.1.82\/~selected\/"},{"@type":"ListItem","position":2,"name":"Privat: Butik","item":"http:\/\/167.235.1.82\/~selected\/?page_id=4417"},{"@type":"ListItem","position":3,"name":"Filterpakke 1. \u00e5r"}]},{"@type":"WebSite","@id":"http:\/\/167.235.1.82\/~selected\/#website","url":"http:\/\/167.235.1.82\/~selected\/","name":"cleanwater.selectedforyou.dk\/","description":"Rent vand er afg\u00f8rende for vores overlevelse og velv\u00e6re","publisher":{"@id":"http:\/\/167.235.1.82\/~selected\/#organization"},"potentialAction":[{"@type":"SearchAction","target":{"@type":"EntryPoint","urlTemplate":"http:\/\/167.235.1.82\/~selected\/?s={search_term_string}"},"query-input":{"@type":"PropertyValueSpecification","valueRequired":true,"valueName":"search_term_string"}}],"inLanguage":"da-DK"},{"@type":"Organization","@id":"http:\/\/167.235.1.82\/~selected\/#organization","name":"cleanwater.selectedforyou.dk\/","url":"http:\/\/167.235.1.82\/~selected\/","logo":{"@type":"ImageObject","inLanguage":"da-DK","@id":"http:\/\/167.235.1.82\/~selected\/#\/schema\/logo\/image\/","url":"https:\/\/cleanwater.selectedforyou.dk\/wp-content\/uploads\/2023\/09\/CleanWater_logo_S.png","contentUrl":"https:\/\/cleanwater.selectedforyou.dk\/wp-content\/uploads\/2023\/09\/CleanWater_logo_S.png","width":300,"height":80,"caption":"cleanwater.selectedforyou.dk\/"},"image":{"@id":"http:\/\/167.235.1.82\/~selected\/#\/schema\/logo\/image\/"}}]}},"_links":{"self":[{"href":"http:\/\/167.235.1.82\/~selected\/wp-json\/wp\/v2\/product\/6125","targetHints":{"allow":["GET"]}}],"collection":[{"href":"http:\/\/167.235.1.82\/~selected\/wp-json\/wp\/v2\/product"}],"about":[{"href":"http:\/\/167.235.1.82\/~selected\/wp-json\/wp\/v2\/types\/product"}],"replies":[{"embeddable":true,"href":"http:\/\/167.235.1.82\/~selected\/wp-json\/wp\/v2\/comments?post=6125"}],"wp:featuredmedia":[{"embeddable":true,"href":"http:\/\/167.235.1.82\/~selected\/wp-json\/wp\/v2\/media\/6127"}],"wp:attachment":[{"href":"http:\/\/167.235.1.82\/~selected\/wp-json\/wp\/v2\/media?parent=6125"}],"wp:term":[{"taxonomy":"product_brand","embeddable":true,"href":"http:\/\/167.235.1.82\/~selected\/wp-json\/wp\/v2\/product_brand?post=6125"},{"taxonomy":"product_cat","embeddable":true,"href":"http:\/\/167.235.1.82\/~selected\/wp-json\/wp\/v2\/product_cat?post=6125"},{"taxonomy":"product_tag","embeddable":true,"href":"http:\/\/167.235.1.82\/~selected\/wp-json\/wp\/v2\/product_tag?post=6125"}],"curies":[{"name":"wp","href":"https:\/\/api.w.org\/{rel}","templated":true}]}}