{"id":6126,"date":"2024-04-12T10:04:14","date_gmt":"2024-04-12T08:04:14","guid":{"rendered":"https:\/\/cleanwater.selectedforyou.dk\/?post_type=product&#038;p=6126"},"modified":"2024-04-22T08:40:04","modified_gmt":"2024-04-22T06:40:04","slug":"filterpakke-2-aar","status":"publish","type":"product","link":"http:\/\/167.235.1.82\/~selected\/vare\/filterpakke-2-aar\/","title":{"rendered":"Filterpakke 2. \u00e5r"},"content":{"rendered":"<p><strong>PRE-filter, POST-filter og DWRO\u00ae Aquaporin Inside\u00ae-membranen i samlet pakke til udskiftning efter 2. \u00e5r<\/strong><\/p>\n<p>Filterpakke 2. \u00e5r indeholder alle tre filtre til A2O Pures filtersystem &#8211; de to kulfiltre, som skal skiftes i gennemsnit hvert \u00e5r og DWRO\u00ae Aquaporin Inside\u00ae-membranen, som skal skiftes i gennemsnit hvert andet \u00e5r.<\/p>\n<p>Hvert andet \u00e5r kan du n\u00f8jes med at skifte de to kulfiltre. Dem kan du k\u00f8be samlet i <a href=\"https:\/\/cleanwater.selectedforyou.dk\/vare\/filterpakke-1-aar\/\">Filterpakke 1. \u00e5r<\/a>. Systemet fort\u00e6ller selv, hvorn\u00e5r du skal skifte filtrene.<\/p>\n<p>Alle tre filtre f\u00f8lger med, n\u00e5r du modtager vandfiltreringssystemet <a href=\"https:\/\/cleanwater.selectedforyou.dk\/vare\/aquaporin-a2o-pure-vandfiltreringssystem\/\" target=\"_blank\" rel=\"noopener\">A2O Pure<\/a>.<\/p>\n<p>&nbsp;<\/p>\n<p>Specifikationer:<\/p>\n<p>Fabrikat: Aquaporin<\/p>\n<p>Materiale inde i patronen &#8211; filter 1: Vat med PP + aktivt kul<\/p>\n<p>Materiale inde i patronen &#8211; filter 2: Aktivt kul<\/p>\n<p>Levetid: 12 m\u00e5neder eller 4.500 liter<\/p>\n<p>Materiale inde i patronen &#8211; filter 3: Aquaporin Inside\u00ae-membran<\/p>\n<p>Levetid: 24 m\u00e5neder eller 7.000 liter<\/p>\n","protected":false},"excerpt":{"rendered":"<p>Eller 4. \u00e5r, eller 6. \u00e5r, etc. Denne filterpakke indeholder alle tre filtre, som skal skiftes hvert andet \u00e5r. \u00c5rligt er der kun behov for at skifte de to kulfiltre, som du finder i <a href=\"https:\/\/cleanwater.selectedforyou.dk\/vare\/filterpakke-1-aar\/\">Filterpakke 1<\/a>.<\/p>\n<p>A2O Pure PRE-filteret (1) og POST-filteret (2) er f\u00f8rste og sidste del af vandfiltreringssystemet <a href=\"https:\/\/cleanwater.selectedforyou.dk\/vare\/aquaporin-a2o-pure-vandfiltreringssystem\/\" target=\"_blank\" rel=\"noopener\">A2O Pures<\/a> tredelte filtreringssystem. I Filterpakke 2. \u00e5r finder du ogs\u00e5 det unikke filter med <a href=\"https:\/\/cleanwater.selectedforyou.dk\/vare\/aquaporin-a2o-pure-post-filter-kopier\/\" target=\"_blank\" rel=\"noopener\">DWRO\u00ae Aquaporin Inside\u00ae-membranen<\/a> (3), som skal skiftes i gennemsnit hvert andet \u00e5r i en almindelig husholdning. Du f\u00e5r alts\u00e5 en pakke med alle tre filtre, som ogs\u00e5 fulgte med, da du k\u00f8bte systemet.<\/p>\n","protected":false},"featured_media":5298,"comment_status":"closed","ping_status":"closed","template":"","meta":{"_bbp_topic_count":0,"_bbp_reply_count":0,"_bbp_total_topic_count":0,"_bbp_total_reply_count":0,"_bbp_voice_count":0,"_bbp_anonymous_reply_count":0,"_bbp_topic_count_hidden":0,"_bbp_reply_count_hidden":0,"_bbp_forum_subforum_count":0},"product_brand":[],"product_cat":[106],"product_tag":[108],"class_list":{"0":"post-6126","1":"product","2":"type-product","3":"status-publish","4":"has-post-thumbnail","6":"product_cat-filtre","7":"product_tag-filtre","9":"first","10":"instock","11":"taxable","12":"shipping-taxable","13":"purchasable","14":"product-type-simple"},"yoast_head":"<!-- This site is optimized with the Yoast SEO plugin v27.5 - https:\/\/yoast.com\/product\/yoast-seo-wordpress\/ -->\n<title>Filterpakke 2. \u00e5r - en samlet pakke med alle filtre til brug af A2O Pure<\/title>\n<meta name=\"description\" content=\"Find en samlet pakke med alle tre filtre i Filterpakke 2. \u00e5r, n\u00e5r din A2O Pure beder om at f\u00e5 skiftet filtrene. S\u00e5 er du klar til mere rent drikkevand.\" \/>\n<meta name=\"robots\" content=\"noindex, follow, max-snippet:-1, max-image-preview:large, max-video-preview:-1\" \/>\n<meta property=\"og:locale\" content=\"da_DK\" \/>\n<meta property=\"og:type\" content=\"article\" \/>\n<meta property=\"og:title\" content=\"Filterpakke 2. \u00e5r - en samlet pakke med alle filtre til brug af A2O Pure\" \/>\n<meta property=\"og:description\" content=\"Find en samlet pakke med alle tre filtre i Filterpakke 2. \u00e5r, n\u00e5r din A2O Pure beder om at f\u00e5 skiftet filtrene. S\u00e5 er du klar til mere rent drikkevand.\" \/>\n<meta property=\"og:url\" content=\"http:\/\/167.235.1.82\/~selected\/vare\/filterpakke-2-aar\/\" \/>\n<meta property=\"og:site_name\" content=\"CleanWater2.selectedforyou.dk\" \/>\n<meta property=\"article:modified_time\" content=\"2024-04-22T06:40:04+00:00\" \/>\n<meta property=\"og:image\" content=\"http:\/\/167.235.1.82\/~selected\/wp-content\/uploads\/2023\/11\/2023_11_A2OPure_ny_version_3.jpg\" \/>\n\t<meta property=\"og:image:width\" content=\"720\" \/>\n\t<meta property=\"og:image:height\" content=\"540\" \/>\n\t<meta property=\"og:image:type\" content=\"image\/jpeg\" \/>\n<meta name=\"twitter:card\" content=\"summary_large_image\" \/>\n<meta name=\"twitter:label1\" content=\"Estimeret l\u00e6setid\" \/>\n\t<meta name=\"twitter:data1\" content=\"1 minut\" \/>\n<script type=\"application\/ld+json\" class=\"yoast-schema-graph\">{\"@context\":\"https:\\\/\\\/schema.org\",\"@graph\":[{\"@type\":\"WebPage\",\"@id\":\"http:\\\/\\\/167.235.1.82\\\/~selected\\\/vare\\\/filterpakke-2-aar\\\/\",\"url\":\"http:\\\/\\\/167.235.1.82\\\/~selected\\\/vare\\\/filterpakke-2-aar\\\/\",\"name\":\"Filterpakke 2. \u00e5r - en samlet pakke med alle filtre til brug af A2O Pure\",\"isPartOf\":{\"@id\":\"http:\\\/\\\/167.235.1.82\\\/~selected\\\/#website\"},\"primaryImageOfPage\":{\"@id\":\"http:\\\/\\\/167.235.1.82\\\/~selected\\\/vare\\\/filterpakke-2-aar\\\/#primaryimage\"},\"image\":{\"@id\":\"http:\\\/\\\/167.235.1.82\\\/~selected\\\/vare\\\/filterpakke-2-aar\\\/#primaryimage\"},\"thumbnailUrl\":\"http:\\\/\\\/167.235.1.82\\\/~selected\\\/wp-content\\\/uploads\\\/2023\\\/11\\\/2023_11_A2OPure_ny_version_3.jpg\",\"datePublished\":\"2024-04-12T08:04:14+00:00\",\"dateModified\":\"2024-04-22T06:40:04+00:00\",\"description\":\"Find en samlet pakke med alle tre filtre i Filterpakke 2. \u00e5r, n\u00e5r din A2O Pure beder om at f\u00e5 skiftet filtrene. S\u00e5 er du klar til mere rent drikkevand.\",\"breadcrumb\":{\"@id\":\"http:\\\/\\\/167.235.1.82\\\/~selected\\\/vare\\\/filterpakke-2-aar\\\/#breadcrumb\"},\"inLanguage\":\"da-DK\",\"potentialAction\":[{\"@type\":\"ReadAction\",\"target\":[\"http:\\\/\\\/167.235.1.82\\\/~selected\\\/vare\\\/filterpakke-2-aar\\\/\"]}]},{\"@type\":\"ImageObject\",\"inLanguage\":\"da-DK\",\"@id\":\"http:\\\/\\\/167.235.1.82\\\/~selected\\\/vare\\\/filterpakke-2-aar\\\/#primaryimage\",\"url\":\"http:\\\/\\\/167.235.1.82\\\/~selected\\\/wp-content\\\/uploads\\\/2023\\\/11\\\/2023_11_A2OPure_ny_version_3.jpg\",\"contentUrl\":\"http:\\\/\\\/167.235.1.82\\\/~selected\\\/wp-content\\\/uploads\\\/2023\\\/11\\\/2023_11_A2OPure_ny_version_3.jpg\",\"width\":720,\"height\":540,\"caption\":\"Filtre: De tre filtre i A2O Pure er lette at skifte.\"},{\"@type\":\"BreadcrumbList\",\"@id\":\"http:\\\/\\\/167.235.1.82\\\/~selected\\\/vare\\\/filterpakke-2-aar\\\/#breadcrumb\",\"itemListElement\":[{\"@type\":\"ListItem\",\"position\":1,\"name\":\"Hjem\",\"item\":\"http:\\\/\\\/167.235.1.82\\\/~selected\\\/\"},{\"@type\":\"ListItem\",\"position\":2,\"name\":\"Privat: Butik\",\"item\":\"http:\\\/\\\/167.235.1.82\\\/~selected\\\/?page_id=4417\"},{\"@type\":\"ListItem\",\"position\":3,\"name\":\"Filterpakke 2. \u00e5r\"}]},{\"@type\":\"WebSite\",\"@id\":\"http:\\\/\\\/167.235.1.82\\\/~selected\\\/#website\",\"url\":\"http:\\\/\\\/167.235.1.82\\\/~selected\\\/\",\"name\":\"cleanwater.selectedforyou.dk\\\/\",\"description\":\"Rent vand er afg\u00f8rende for vores overlevelse og velv\u00e6re\",\"publisher\":{\"@id\":\"http:\\\/\\\/167.235.1.82\\\/~selected\\\/#organization\"},\"potentialAction\":[{\"@type\":\"SearchAction\",\"target\":{\"@type\":\"EntryPoint\",\"urlTemplate\":\"http:\\\/\\\/167.235.1.82\\\/~selected\\\/?s={search_term_string}\"},\"query-input\":{\"@type\":\"PropertyValueSpecification\",\"valueRequired\":true,\"valueName\":\"search_term_string\"}}],\"inLanguage\":\"da-DK\"},{\"@type\":\"Organization\",\"@id\":\"http:\\\/\\\/167.235.1.82\\\/~selected\\\/#organization\",\"name\":\"cleanwater.selectedforyou.dk\\\/\",\"url\":\"http:\\\/\\\/167.235.1.82\\\/~selected\\\/\",\"logo\":{\"@type\":\"ImageObject\",\"inLanguage\":\"da-DK\",\"@id\":\"http:\\\/\\\/167.235.1.82\\\/~selected\\\/#\\\/schema\\\/logo\\\/image\\\/\",\"url\":\"https:\\\/\\\/cleanwater.selectedforyou.dk\\\/wp-content\\\/uploads\\\/2023\\\/09\\\/CleanWater_logo_S.png\",\"contentUrl\":\"https:\\\/\\\/cleanwater.selectedforyou.dk\\\/wp-content\\\/uploads\\\/2023\\\/09\\\/CleanWater_logo_S.png\",\"width\":300,\"height\":80,\"caption\":\"cleanwater.selectedforyou.dk\\\/\"},\"image\":{\"@id\":\"http:\\\/\\\/167.235.1.82\\\/~selected\\\/#\\\/schema\\\/logo\\\/image\\\/\"}}]}<\/script>\n<!-- \/ Yoast SEO plugin. -->","yoast_head_json":{"title":"Filterpakke 2. \u00e5r - en samlet pakke med alle filtre til brug af A2O Pure","description":"Find en samlet pakke med alle tre filtre i Filterpakke 2. \u00e5r, n\u00e5r din A2O Pure beder om at f\u00e5 skiftet filtrene. S\u00e5 er du klar til mere rent drikkevand.","robots":{"index":"noindex","follow":"follow","max-snippet":"max-snippet:-1","max-image-preview":"max-image-preview:large","max-video-preview":"max-video-preview:-1"},"og_locale":"da_DK","og_type":"article","og_title":"Filterpakke 2. \u00e5r - en samlet pakke med alle filtre til brug af A2O Pure","og_description":"Find en samlet pakke med alle tre filtre i Filterpakke 2. \u00e5r, n\u00e5r din A2O Pure beder om at f\u00e5 skiftet filtrene. S\u00e5 er du klar til mere rent drikkevand.","og_url":"http:\/\/167.235.1.82\/~selected\/vare\/filterpakke-2-aar\/","og_site_name":"CleanWater2.selectedforyou.dk","article_modified_time":"2024-04-22T06:40:04+00:00","og_image":[{"width":720,"height":540,"url":"http:\/\/167.235.1.82\/~selected\/wp-content\/uploads\/2023\/11\/2023_11_A2OPure_ny_version_3.jpg","type":"image\/jpeg"}],"twitter_card":"summary_large_image","twitter_misc":{"Estimeret l\u00e6setid":"1 minut"},"schema":{"@context":"https:\/\/schema.org","@graph":[{"@type":"WebPage","@id":"http:\/\/167.235.1.82\/~selected\/vare\/filterpakke-2-aar\/","url":"http:\/\/167.235.1.82\/~selected\/vare\/filterpakke-2-aar\/","name":"Filterpakke 2. \u00e5r - en samlet pakke med alle filtre til brug af A2O Pure","isPartOf":{"@id":"http:\/\/167.235.1.82\/~selected\/#website"},"primaryImageOfPage":{"@id":"http:\/\/167.235.1.82\/~selected\/vare\/filterpakke-2-aar\/#primaryimage"},"image":{"@id":"http:\/\/167.235.1.82\/~selected\/vare\/filterpakke-2-aar\/#primaryimage"},"thumbnailUrl":"http:\/\/167.235.1.82\/~selected\/wp-content\/uploads\/2023\/11\/2023_11_A2OPure_ny_version_3.jpg","datePublished":"2024-04-12T08:04:14+00:00","dateModified":"2024-04-22T06:40:04+00:00","description":"Find en samlet pakke med alle tre filtre i Filterpakke 2. \u00e5r, n\u00e5r din A2O Pure beder om at f\u00e5 skiftet filtrene. S\u00e5 er du klar til mere rent drikkevand.","breadcrumb":{"@id":"http:\/\/167.235.1.82\/~selected\/vare\/filterpakke-2-aar\/#breadcrumb"},"inLanguage":"da-DK","potentialAction":[{"@type":"ReadAction","target":["http:\/\/167.235.1.82\/~selected\/vare\/filterpakke-2-aar\/"]}]},{"@type":"ImageObject","inLanguage":"da-DK","@id":"http:\/\/167.235.1.82\/~selected\/vare\/filterpakke-2-aar\/#primaryimage","url":"http:\/\/167.235.1.82\/~selected\/wp-content\/uploads\/2023\/11\/2023_11_A2OPure_ny_version_3.jpg","contentUrl":"http:\/\/167.235.1.82\/~selected\/wp-content\/uploads\/2023\/11\/2023_11_A2OPure_ny_version_3.jpg","width":720,"height":540,"caption":"Filtre: De tre filtre i A2O Pure er lette at skifte."},{"@type":"BreadcrumbList","@id":"http:\/\/167.235.1.82\/~selected\/vare\/filterpakke-2-aar\/#breadcrumb","itemListElement":[{"@type":"ListItem","position":1,"name":"Hjem","item":"http:\/\/167.235.1.82\/~selected\/"},{"@type":"ListItem","position":2,"name":"Privat: Butik","item":"http:\/\/167.235.1.82\/~selected\/?page_id=4417"},{"@type":"ListItem","position":3,"name":"Filterpakke 2. \u00e5r"}]},{"@type":"WebSite","@id":"http:\/\/167.235.1.82\/~selected\/#website","url":"http:\/\/167.235.1.82\/~selected\/","name":"cleanwater.selectedforyou.dk\/","description":"Rent vand er afg\u00f8rende for vores overlevelse og velv\u00e6re","publisher":{"@id":"http:\/\/167.235.1.82\/~selected\/#organization"},"potentialAction":[{"@type":"SearchAction","target":{"@type":"EntryPoint","urlTemplate":"http:\/\/167.235.1.82\/~selected\/?s={search_term_string}"},"query-input":{"@type":"PropertyValueSpecification","valueRequired":true,"valueName":"search_term_string"}}],"inLanguage":"da-DK"},{"@type":"Organization","@id":"http:\/\/167.235.1.82\/~selected\/#organization","name":"cleanwater.selectedforyou.dk\/","url":"http:\/\/167.235.1.82\/~selected\/","logo":{"@type":"ImageObject","inLanguage":"da-DK","@id":"http:\/\/167.235.1.82\/~selected\/#\/schema\/logo\/image\/","url":"https:\/\/cleanwater.selectedforyou.dk\/wp-content\/uploads\/2023\/09\/CleanWater_logo_S.png","contentUrl":"https:\/\/cleanwater.selectedforyou.dk\/wp-content\/uploads\/2023\/09\/CleanWater_logo_S.png","width":300,"height":80,"caption":"cleanwater.selectedforyou.dk\/"},"image":{"@id":"http:\/\/167.235.1.82\/~selected\/#\/schema\/logo\/image\/"}}]}},"_links":{"self":[{"href":"http:\/\/167.235.1.82\/~selected\/wp-json\/wp\/v2\/product\/6126","targetHints":{"allow":["GET"]}}],"collection":[{"href":"http:\/\/167.235.1.82\/~selected\/wp-json\/wp\/v2\/product"}],"about":[{"href":"http:\/\/167.235.1.82\/~selected\/wp-json\/wp\/v2\/types\/product"}],"replies":[{"embeddable":true,"href":"http:\/\/167.235.1.82\/~selected\/wp-json\/wp\/v2\/comments?post=6126"}],"wp:featuredmedia":[{"embeddable":true,"href":"http:\/\/167.235.1.82\/~selected\/wp-json\/wp\/v2\/media\/5298"}],"wp:attachment":[{"href":"http:\/\/167.235.1.82\/~selected\/wp-json\/wp\/v2\/media?parent=6126"}],"wp:term":[{"taxonomy":"product_brand","embeddable":true,"href":"http:\/\/167.235.1.82\/~selected\/wp-json\/wp\/v2\/product_brand?post=6126"},{"taxonomy":"product_cat","embeddable":true,"href":"http:\/\/167.235.1.82\/~selected\/wp-json\/wp\/v2\/product_cat?post=6126"},{"taxonomy":"product_tag","embeddable":true,"href":"http:\/\/167.235.1.82\/~selected\/wp-json\/wp\/v2\/product_tag?post=6126"}],"curies":[{"name":"wp","href":"https:\/\/api.w.org\/{rel}","templated":true}]}}